of g?
3, 3323
Let l be (290 - 6/3)*8/16. Suppose -l*r = -149*r + 10. List the prime factors of r/(-6) - (2436/(-18) + 6).
3, 43
Let r(b) = -78*b**3 + b**2 - 93*b - 426. What are the prime factors of r(-5)?
2, 7, 701
Let b(d) be the second derivative of -10*d**3 - 15*d. Let x be b(-2). Suppose x = 2*t + 16. List the prime factors of t.
2, 13
Let h(o) = -o**3 + 43*o**2 - 19*o - 707. List the prime factors of h(37).
2, 3, 7
Suppose -2*j + 3*y = 2*j - 35249, -3*y = 9. What are the prime factors of j/35 - 8/(-28)?
2, 3, 7
Let u = 1334 + -762. Let a = 861 - u. What are the prime factors of a?
17
Let a(n) = -22*n - 335. Let q be a(-15). List the prime factors of (771 - -47) + (q - -1).
2, 11, 37
Suppose -2*u + 5*w + 52514 = 0, -31*u = -32*u + w + 26251. What are the prime factors of u?
3, 13, 673
What are the prime factors of 124/(-279) + (616450/18)/5?
3, 761
Let i = -15 + 53. Let r = i - 35. Suppose -v + 59 = -2*m, r*m = -2*v + 12 + 113. What are the prime factors of v?
61
Let h be ((-58)/5)/((-20)/700). Suppose -2*q - 118 = -h. What are the prime factors of q?
2, 3
Let l(u) = -u**2 + 12*u + 2. Let x(h) = 2*h**2 - 12*h - 1. Let c(a) = 2*l(a) + 3*x(a). Let q be c(10). Let g = q - 175. List the prime factors of g.
2, 53
Let n(c) = -c**3 - 39*c**2 - 6*c - 2. Let p = -706 - -666. What are the prime factors of n(p)?
2, 919
Let b(q) = -6*q**2 + 10*q + 12. Let c be b(4). Let v(s) = -s**2 - 48*s + 81. List the prime factors of v(c).
257
Let n(o) = -10*o - 42. Let x be n(-5). Suppose d - 77 = h, -3*d + x*d + 4*h = 421. List the prime factors of d.
3
Let i = -14131 + 27958. List the prime factors of i.
3, 11, 419
Let i(b) = b**3 - 2*b**2 + 2*b - 2. Let g be i(2). Suppose g*z - 3220 = -5*z. Suppose -n = -6*n + z. List the prime factors of n.
2, 23
Let p = 65 - 67. Let z = p + -15. Let f = z + 37. List the prime factors of f.
2, 5
What are the prime factors of ((-12338)/155*(-3 - -413))/(-1)?
2, 41, 199
Let k be 9/(189/(-70))*12. Let j(s) = -s**2 - 80*s + 16. List the prime factors of j(k).
2, 101
Suppose -2*o + 6*o + 1940 = 0. Let d = -17 - o. Suppose -11*b + d - 83 = 0. What are the prime factors of b?
5, 7
Suppose -1466976 = -0*m + 3*m - 59*m. What are the prime factors of m?
2, 3, 37, 59
Suppose 6*i = 14*i + 1752. Let b(j) = j - 3. Let g be b(3). What are the prime factors of (-1 + (-1 - g))/(6/i)?
73
Let z(g) = 2*g**2 - 23*g + 15. Let n be z(11). Suppose -5*y + n*c = -c - 1550, -5*c + 5 = 0. List the prime factors of y.
311
Let p(a) be the first derivative of 203*a**2 + 18*a - 97. What are the prime factors of p(3)?
2, 3, 103
Suppose 134*n = 111*n + 163346. What are the prime factors of n?
2, 53, 67
Let y(g) = g**3 + 15*g**2 + 16*g + 33. Let c be y(-14). Suppose -5*i + 3*v + 4 = -10, c*i - 22 = -v. List the prime factors of (52 + (-7)/((-21)/6))*i.
2, 3
Suppose -4*v + 2*w = -2609 - 25219, -2*w = v - 6952. What are the prime factors of v?
2, 37, 47
Let s = -2714 - -4970. What are the prime factors of s?
2, 3, 47
Let f be ((-5)/3)/((-11)/33). Suppose -f*v = -5*u - 35, 5*u = -0*v + 3*v - 23. List the prime factors of 446/2 + (5 - v).
2, 3, 37
Let w(r) = r**2 + 2*r - 5. Let m be w(-4). Suppose m*j = 2*j - 67. Let b = j - -185. List the prime factors of b.
2, 59
Let y(v) = -12 + 2 - 21 + v**2 + 8*v. What are the prime factors of y(-17)?
2, 61
Let l(v) = -v**2 - 17*v - 20. Let b be l(-15). Suppose b*i - 10302 + 3502 = 0. List the prime factors of i.
2, 5, 17
Suppose 0 = -26*s + 46*s - 159660. List the prime factors of s.
3, 887
Suppose 0 = -2*c + 3*w + 138437 - 34555, c + 3*w - 51977 = 0. List the prime factors of c.
11, 4723
Let p(t) = t**3 - 35*t**2 - 409*t + 106. List the prime factors of p(48).
2, 13, 401
Suppose -307*l = -577468 - 3536025. List the prime factors of l.
13399
Suppose -974 = -i + 4*j, 2*i + 10*j - 1948 = 8*j. Let p = 1400 - i. List the prime factors of p.
2, 3, 71
Let g(z) = 386*z**2 - z + 1. Let k be g(-1). Suppose 5*v - k - 422 = 0. What are the prime factors of v?
2, 3
Suppose 5*b = 0, 931 = 3*q + b - 5072. Suppose -1 = 5*p - q. What are the prime factors of p?
2, 5
Suppose -q + 3620 + 1135 = -u, 0 = 2*q + 4*u - 9504. List the prime factors of q.
2, 2377
List the prime factors of (-5)/(175/(-547390)) + (-30)/42.
3, 13, 401
Let f = -2313 - -3428. Suppose -6*p - f = -2*b - 3*p, 3*b + 4*p = 1630. List the prime factors of b.
2, 5, 11
Let o = 1052 - -1237. Let m = o + -1251. What are the prime factors of m?
2, 3, 173
Let a(w) = -w**3 - 32*w**2 - 235*w + 16. What are the prime factors of a(-35)?
2, 3, 331
Let v(p) be the second derivative of p**4/12 - p**3 - 11*p**2 - 14*p. Let j be v(10). Let w = j - 16. What are the prime factors of w?
2
Let d = 468 + 3454. What are the prime factors of d?
2, 37, 53
Let s(t) = -1007*t**3 - 4*t**2 - 3*t. Let g be s(-1). Let y = g + 92. What are the prime factors of y?
2, 3, 61
Let u be 3 - (-1)/(-3)*(63 + -6). List the prime factors of 4/u - (-45)/20 - -173.
5, 7
Suppose -10*u - 1152 = -2*u. What are the prime factors of ((-9 + u)/(-9))/((-2)/(-56))?
2, 7, 17
Suppose -10446*x = -10434*x - 86328. What are the prime factors of x?
2, 3, 11, 109
Let u(h) = 4*h - 16. Let p be 2/(-6) - (-64)/12. Let y be u(p). Suppose n + 3*q + 21 = 92, -5*n - y*q = -344. List the prime factors of n.
2, 17
Let u(l) = 4223*l**3 + l - 1. Let p be u(1). Suppose 15*q - 427 - p = 0. List the prime factors of q.
2, 5, 31
Let z(i) = 386*i**2 - 11*i + 22. List the prime factors of z(-3).
3529
Suppose 3*c - c = -3*k + 4, -2*k = 3*c - 1. What are the prime factors of ((843/6)/(k/8))/2?
281
Let a(t) = t**2 + 5*t - 31. Let h be a(-9). Suppose 0 = -2*r - q - 259 + 1791, 0 = h*r + 2*q - 3829. What are the prime factors of r?
3, 5, 17
What are the prime factors of (2/(-6)*-1)/((26/(-507))/(-2))?
13
Let n = -1292 - -2381. Suppose 2*f + n - 292 = 5*h, -2*f = h - 157. List the prime factors of h.
3, 53
Let w be (-1 - (-215)/3)*(-1 + 4). Suppose 0 = 2*f - 3*j - 252, -f + 66 = -j - 62. Let o = w - f. What are the prime factors of o?
2, 5
Let h = -126 + 627. Suppose 3749 - h = 14*m. Suppose 9*u + m = 13*u. What are the prime factors of u?
2, 29
List the prime factors of (112491/58)/((-5)/(-2) + -2).
3, 431
Let r = -87 + 56. Let b = -34 - r. List the prime factors of ((-55)/15 - b)*-246.
2, 41
Let g be (8/(-5))/((-6)/(-60)*-2). Suppose -3*r + g*r - 4200 = 0. Suppose 2*f + 4*z - 538 = 0, -z + r = 5*f - 496. What are the prime factors of f?
3, 89
Let u be ((-6)/4)/((-2)/(8/(-3))). Let q = 1 + u. What are the prime factors of (q - -99) + (-40)/(-20)?
2, 5
Let t(d) = -d**3 - 11*d**2 - d - 12. Let s = -145 - -134. Let u be t(s). What are the prime factors of ((-504)/48)/(u/24)?
2, 3, 7
Suppose 27*u - 43130 = 51420 + 7024. What are the prime factors of u?
2, 3, 11, 19
Let q = 75 + 1. List the prime factors of q/8*(42/(-7) + 56).
5, 19
Let b(c) = -11*c**3 + 12*c**3 - 10*c**2 + 7*c - 27 + 10*c. What are the prime factors of b(10)?
11, 13
Let c(v) = 17*v - 7. Let r be c(2). Let x = 43 - r. Suppose 0 = 4*y - x, -3*o - 5 = -y - 271. What are the prime factors of o?
2, 3, 5
Let f(c) = -c**3 + 2*c**2 + 23*c - 4. Let x be f(-6). Let m = 228 + x. What are the prime factors of m?
2, 11, 17
Let f(d) = 7*d - 55. Let l be f(9). Suppose x = -l*x + 378. What are the prime factors of x?
2, 3, 7
Suppose 298 - 278 = -5*s, 88520 = 4*j + 5*s. What are the prime factors of j?
5, 19, 233
Suppose -4*p + 3*j + 165 = 0, 34 = p - 4*j - 4. Let i = -23 + p. Let b = i - -26. List the prime factors of b.
3, 5
Let z(t) = 35*t**3 + 34*t**2 + 83*t - 9. Let w(x) = 18*x**3 + 17*x**2 + 41*x - 4. Let p(h) = -5*w(h) + 2*z(h). What are the prime factors of p(-3)?
2, 11, 23
Suppose l = -5*s + 15, -l - 5 = -s - 8. Suppose -3*b - 493 = 4*k - 5*k, l*k - 2521 = b. List the prime factors of k.
5, 101
Let p(l) = -5*l**3 + 26*l**2 + 48*l - 1. Let x(j) = j**3 - j**2 - 3*j - 1. Let a(n) = p(n) + 6*x(n). List the prime factors of a(-16).
3, 179
Suppose 3*d = -0*d + 15. Suppose 4*f = 3*h + 2*f - 630, 0 = 5*h + d*f - 1075. Suppose -27*m - h = -31*m. List the prime factors of m.
53
Let j(x) = 1130*x + 9. Let a(v) = v**3 + 28*v**2 + 29*v + 55. Let b be a(-27). List the prime factors of j(b).
17, 67
Suppose -7*n + 49 = -8*n. Let s = 71 + n. Suppose -l = -64 - s. List the prime factors of l.
2, 43
Suppose -452